2?
7
What is the units digit of 1282?
2
What is the hundreds digit of 1738?
7
What is the units digit of 4471?
1
What is the hundreds digit of 952?
9
What is the tens digit of 10684?
8
What is the ten thousands digit of 22414?
2
What is the thousands digit of 57205?
7
What is the tens digit of 1830?
3
What is the hundreds digit of 164179?
1
What is the tens digit of 50963?
6
What is the units digit of 874?
4
What is the units digit of 9846?
6
What is the tens digit of 8907?
0
What is the thousands digit of 2518?
2
What is the units digit of 1953?
3
What is the hundreds digit of 29195?
1
What is the tens digit of 1101?
0
What is the units digit of 6460?
0
What is the hundreds digit of 1337?
3
What is the thousands digit of 3088?
3
What is the hundred thousands digit of 114383?
1
What is the ten thousands digit of 107347?
0
What is the thousands digit of 10558?
0
What is the tens digit of 1998?
9
What is the tens digit of 18561?
6
What is the units digit of 1307?
7
What is the units digit of 10130?
0
What is the units digit of 2292?
2
What is the tens digit of 828?
2
What is the tens digit of 2437?
3
What is the tens digit of 4021?
2
What is the tens digit of 13845?
4
What is the ten thousands digit of 55436?
5
What is the units digit of 11609?
9
What is the thousands digit of 9136?
9
What is the units digit of 2376?
6
What is the thousands digit of 52860?
2
What is the tens digit of 77551?
5
What is the ten thousands digit of 43618?
4
What is the units digit of 19584?
4
What is the units digit of 2271?
1
What is the hundreds digit of 928?
9
What is the units digit of 2013?
3
What is the thousands digit of 1608?
1
What is the units digit of 7118?
8
What is the tens digit of 70788?
8
What is the thousands digit of 135032?
5
What is the tens digit of 3355?
5
What is the thousands digit of 30277?
0
What is the hundreds digit of 750?
7
What is the thousands digit of 7981?
7
What is the hundreds digit of 264?
2
What is the tens digit of 8678?
7
What is the units digit of 4673?
3
What is the hundreds digit of 60518?
5
What is the thousands digit of 17616?
7
What is the tens digit of 1127?
2
What is the ten thousands digit of 17625?
1
What is the units digit of 38583?
3
What is the units digit of 10484?
4
What is the thousands digit of 1291?
1
What is the hundreds digit of 2191?
1
What is the thousands digit of 5728?
5
What is the thousands digit of 7497?
7
What is the hundreds digit of 17581?
5
What is the units digit of 11798?
8
What is the hundreds digit of 290?
2
What is the ten thousands digit of 79431?
7
What is the tens digit of 50047?
4
What is the hundreds digit of 6370?
3
What is the units digit of 1824?
4
What is the units digit of 6979?
9
What is the ten thousands digit of 45433?
4
What is the hundreds digit of 1531?
5
What is the ten thousands digit of 80036?
8
What is the hundreds digit of 153769?
7
What is the thousands digit of 1391?
1
What is the hundreds digit of 25502?
5
What is the hundreds digit of 29830?
8
What is the hundreds digit of 172525?
5
What is the hundreds digit of 172?
1
What is the hundreds digit of 69019?
0
What is the tens digit of 4980?
8
What is the units digit of 3892?
2
What is the units digit of 18422?
2
What is the thousands digit of 2344?
2
What is the units digit of 3568?
8
What is the units digit of 100364?
4
What is the units digit of 1586?
6
What is the thousands digit of 98341?
8
What is the hundreds digit of 1241?
2
What is the units digit of 2774?
4
What is the units digit of 458?
8
What is the ten thousands digit of 18022?
1
What is the units digit of 5436?
6
What is the units digit of 1913?
3
What is the units digit of 8455?
5
What is the units digit of 323?
3
What is the tens digit of 1872?
7
What is the units digit of 25955?
5
What is the units digit of 955?
5
What is the ten thousands digit of 24585?
2
What is the hundreds digit of 801?
8
What is the units digit of 1674?
4
What is the hundreds digit of 58814?
8
What is the units digit of 71548?
8
What is the units digit of 3590?
0
What is the tens digit of 4501?
0
What is the thousands digit of 100904?
0
What is the tens digit of 29169?
6
What is the tens digit of 1963?
6
What is the units digit of 188?
8
What is the hundreds digit of 5277?
2
What is the hundreds digit of 305?
3
What is the units digit of 25880?
0
What is the thousands digit of 7728?
7
What is the tens digit of 400?
0
What is the hundreds digit of 2447?
4
What is the units digit of 23359?
9
What is the thousands digit of 18108?
8
What is the tens digit of 3249?
4
What is the ten thousands digit of 45643?
4
What is the thousands digit of 1156?
1
What is the units digit of 3941?
1
What is the hundreds digit of 9440?
4
What is the thousands digit of 1258?
1
What is the ten thousands digit of 31486?
3
What is the thousands digit of 5454?
5
What is the units digit of 1575?
5
What is the hundreds digit of 8856?
8
What is the thousands digit of 36572?
6
What is the hundreds digit of 7354?
3
What is the units digit of 13808?
8
What is the units digit of 77251?
1
What is the thousands digit of 3060?
3
What is the hundreds digit of 6458?
4
What is the units digit of 7479?
9
What is the tens digit of 52970?
7
What is the hundreds digit of 4769?
7
What is the thousands digit of 1017?
1
What is the hundreds digit of 5504?
5
What is the thousands digit of 13338?
3
What is the thousands digit of 36759?
6
What is the ten thousands digit of 38926?
3
What is the units digit of 78738?
8
What is the hundreds digit of 14444?
4
What is the thousands digit of 1437?
1
What is the units digit of 1572?
2
What is the hundreds digit of 1587?
5
What is the tens digit of 24335?
3
What is the tens digit of 6441?
4
What is the hundreds digit of 21280?
2
What is the hundreds digit of 15855?
8
What is the hundreds digit of 8387?
3
What is the ten thousands digit of 67463?
6
What is the units digit of 86846?
6
What is the hundreds digit of 3072?
0
What is the hundreds digit of 50247?
2
What is the thousands digit of 3580?
3
What is the units digit of 4382?
2
What is the hundreds digit of 80109?
1
What is the units digit of 661?
1
What is the units digit of 3973?
3
What is the hundreds digit of 1659?
6
What is the thousands digit of 2930?
2
What is the thousands digit of 26159?
6
What is the thousands digit of 2074?
2
What is the tens digit of 4557?
5
What is the hundreds digit of 225?
2
What is the hundreds digit of 6503?
5
What is the ten thousands digit of 69984?
6
What is the units digit of 40975?
5
What is the thousands digit of 97749?
7
What is the thousands digit of 9329?
9
What is the units digit of 671?
1
What is the tens digit of 589?
8
What is the hundreds digit of 8852?
8
What is the hundred thousands digit of 112914?
1
What is the tens digit of 9742?
4
What is the hundreds digit of 1429?
4
What is the hundreds digit of 36868?
8
What is the hundreds digit of 662?
6
What is the units digit of 30073?
3
What is the thousands digit of 2236?
2
What is the tens digit of 7431?
3
What is the tens digit of 1176?
7
What is the units digit of 1088?
8
What is the tens digit of 474?
7
What is the tens digit of 886?
8
What is the units digit of 8353?
3
What is the hundreds digit of 2008?
0
What is the thousands digit of 15039?
5
What is the hundreds digit of 27333?
3
What is the units digit of 62?
2
What is the tens digit of 2016?
1
What is the units digit of 83408?
8
What is the tens digit of 12050?
5
What is the hundreds digit of 1402?
4
What is the hundreds digit of 29286?
2
What is the tens digit of 1236?
3
What is the units digit of 9128?
8
What is the thousands digit of 19513?
9
What is the units digit of 931?
1
What is the tens digit of 1119?
1
What is the units digit of 149?
9
What is the hundreds digit of 726?
7
What is the tens digit of 190?
9
What is the units digit of 892?
2
What is the tens digit of 34489?
8
What is the hundreds digit of 25741?
7
What is the units digit of 132592?
2
What is the thousands digit of 1016?
1
What is the tens digit of 31209?
0
What is the ten thousands digit of 10832?
1
What is the thousands digit of 8298?
8
What is the thousands digit of 1211?
1
What is the units digit of 2356?
6
What is the ten thousands digit of 58332?
5
What is the tens digit of 862?
6
What is the ten 